or of f and 6?
3
Let k(g) = 17*g - 169. Suppose 213*v - 55 = 208*v. Let p be k(v). Let j = 11 + -9. What is the greatest common factor of p and j?
2
Suppose -3*o + 205 = 5*g, -10313*o + 2*g - 134 = -10315*o. Suppose k - 711 = -4*u, -3*k + 4*u + 2967 = 818. Calculate the highest common divisor of k and o.
65
Let u = 7 - 4. Suppose 0 = 2*o - 3*v - 41, 2*o + v = u*o - 22. Let f = 245 + -20. What is the highest common factor of o and f?
25
Let s = 74 - 17. Suppose 184 = 2*v - 3*g, -7*g - 91 = -v - 5*g. Calculate the highest common divisor of s and v.
19
Suppose 0 = o - 5. Suppose 79*a = 92*a + 117. Let i be a/(-45)*(-2 - -27). Calculate the highest common factor of i and o.
5
Suppose -75*q + 53028 = -59547. Calculate the highest common factor of q and 869.
79
Suppose -12*n - 5*n + 3400 = 0. Suppose -o + n = -169. Let f = -17 - -58. What is the greatest common factor of f and o?
41
Let m(o) = 5*o**2 - 56*o + 32. Let l be m(12). Let i be 3 - 0 - (-51 + 4). What is the greatest common factor of i and l?
10
Let k = -20967 + 21027. What is the greatest common divisor of 8490 and k?
30
Let j(c) be the second derivative of 0 - 1/12*c**4 + 11/6*c**3 + 12*c - 5*c**2. Let r be j(6). Calculate the greatest common divisor of 30 and r.
10
Let i(h) be the first derivative of -h**4/4 + 19*h**3/3 - 7*h**2 - 62*h + 76. Let u be i(18). What is the greatest common divisor of u and 430?
10
Suppose 2*d + 150 = 4*v - 598, 0 = -5*d + 20. Suppose 34 = 2*m + 4*l, m = 2*m - 5*l - 31. What is the highest common factor of v and m?
21
Let z = 6498 + -6051. Calculate the highest common factor of 149 and z.
149
Let f be (-7)/(70/4)*-10. Let v = 69 - 25. Suppose 20*n - 21*n = -v. What is the greatest common divisor of f and n?
4
Let p = 20194 + -10904. Suppose -2*v + 2 = -3*v, -2*b - 3*v = p. Let c be b/(-231) + (-2)/21. Calculate the highest common factor of 10 and c.
10
Suppose -4*h = 4*x - 460, -347 = -3*x + 22*h - 24*h. Calculate the highest common factor of 416 and x.
13
Suppose -667*z = -22*z + 476*z - 63897. Suppose 152 = 3*o + o. What is the greatest common factor of o and z?
19
Let w = 61169 + -61085. Let y(s) = -s**2 - s + 28. Let b be y(0). Calculate the greatest common factor of w and b.
28
Let i be (-57)/133 + (-563)/(-7). What is the greatest common factor of 1840 and i?
80
Let t(y) = 243*y + 2534. Let a be t(-10). What is the greatest common factor of a and 1612?
52
Suppose -49*g + 209 = -85. Let h = 36 + -32. Let s be (-8)/((-2)/12*h). What is the highest common divisor of s and g?
6
Let g = -14430 - -14846. What is the highest common factor of 3488 and g?
32
Suppose 56*p + 5*p + 3906 = -2*p. Suppose -2*y = y + a + 331, -5*y - 550 = 2*a. Let m = p - y. What is the greatest common factor of 20 and m?
10
Suppose 541*o - 114*o - 6756 = -1262*o. Suppose 0 = 2*c - 2, -1 = 4*h + c - 2. Suppose h = -4*s + s + 12. Calculate the highest common factor of s and o.
4
Let g be 13/((-13)/(-101)) + -9. Let b(z) = 2*z - 2. Let j be b(5). What is the highest common factor of j and g?
4
Let b be (-1)/8 - (-91611)/9048. Suppose -x + 1 = -0. Let z(v) = 10*v**3 - v**2 + 1. Let n be z(x). What is the greatest common factor of b and n?
10
Let h = -119 - -121. Let k = 297 - -207. Suppose -5*z - h*z = -k. Calculate the highest common factor of 48 and z.
24
Let q be (-2802)/(-9) + 2/3. Let v(n) = n**3 + 70*n**2 + 265*n + 8796. Let t be v(-68). Calculate the highest common divisor of q and t.
24
Let x(j) = -j**2 + 7*j - 9. Let f be x(5). Let v be (60/14)/((-111)/(-518)). Let m be (1 - -1)/(v/90). Calculate the greatest common divisor of f and m.
1
Let h(r) be the first derivative of -73*r**2/2 + 12*r - 3. Let b be h(4). Let g be (b/(-6))/((-19)/(-57)). What is the greatest common divisor of 14 and g?
14
Let l be 6/9*-3 - -4. Let q be -17*(l - 2 - 1). Let j be 2 - -63 - 81/(-18)*12/18. Calculate the highest common divisor of j and q.
17
Suppose -643*p + 747*p - 965952 = 0. Calculate the greatest common factor of p and 216.
216
Suppose 420 = 5*d + 3*y, -d + 73 = -3*y - 11. Let x = d - -64. Calculate the greatest common factor of x and 37.
37
Let x = 2671 + -2611. Calculate the greatest common factor of 340 and x.
20
Let v = 18619 + -13291. What is the greatest common factor of v and 72?
72
Suppose -3*b - 31*f + 27*f = -31, 5*b - 65 = -4*f. Calculate the greatest common divisor of 221 and b.
17
Suppose 36*x = 39*x - 6, -3*x = -3*i - 999. Let m = 463 + i. Calculate the greatest common factor of 462 and m.
66
Let r be ((-754)/4)/((-55)/(-110)). Let h = r - -583. Calculate the greatest common divisor of 309 and h.
103
Let d be (-4 - (-12)/(-8))*-2*9. Suppose -4*s = 3*m - d, 0 = -7*s + 3*s + 3*m + 117. Calculate the highest common divisor of 216 and s.
27
Let u be (16/5)/((148/(-1960))/(-37)). What is the highest common factor of 1862 and u?
98
Let i = 12097 + -12061. What is the greatest common divisor of i and 4842?
18
Suppose 8*j - 172 = -36. Let d(x) = x**3 + 27*x**2 + 45*x + 28. Let m be d(-25). What is the greatest common factor of m and j?
17
Let h be (7 + (-342)/(-30))/((-26)/(-65)). Calculate the greatest common factor of 2438 and h.
46
Let t be (90/(-24))/((-2)/16). Let h be (-3)/9 - (-1270)/t. Calculate the highest common divisor of 350 and h.
14
Let a be 537*(-2)/6*-1. Calculate the greatest common divisor of a and 5907.
179
Let w(h) = -h**2 + 38*h - 24. Let v = -77 + 113. Let u be w(v). Calculate the greatest common divisor of 8 and u.
8
Suppose -3*f - 199 = -2*f. Let d = f - -235. What is the greatest common divisor of d and 72?
36
Suppose -3*f + 24 = 3*f. Suppose 34 + 94 = f*j. Calculate the greatest common factor of j and 320.
32
Let c = 4534 - 4148. Calculate the highest common factor of 3667 and c.
193
Let i be (3/(-2))/((-1)/(-2)). Let m be (-28)/3*i/1. Let o be (-249)/(-18) - (-2)/12. Calculate the greatest common factor of m and o.
14
Let b be 6/((-10)/(-138)*12/10). What is the highest common divisor of 7314 and b?
69
Suppose -2*d + 195 = -47. Suppose -158 = -5*o - u, -4*o + u + 0*u + d = 0. Let p = 604 - 356. What is the highest common factor of o and p?
31
Let d(f) = -270 - 222 + 14*f**2 + 442 + 4*f. Let g be d(-7). What is the highest common factor of g and 19?
19
Let r(f) = -5*f**3 + f**2 - 10*f - 22. Let o be r(-2). Let z = 15 - 18. Let m = 18 - z. Calculate the highest common factor of o and m.
21
Let m = 128 + -124. Suppose 6 = v + m. What is the greatest common factor of v and 6?
2
Let j be (-422)/7 - (-10)/35. Let p be -2 - (-2 + 2) - j/12. Suppose 2*l = -p*k + 38, -1 = 4*l - 5. What is the greatest common factor of 60 and k?
12
Let u = 314 + -497. Let s = u + 218. Calculate the greatest common factor of s and 15.
5
Let g = 43 - 42. Suppose -5*m + 16 = -2*s, 4*m + 2*s = -s - g. Suppose -3*p = 2*i - 26, 6*p + 2*i - 36 = m*p. What is the greatest common divisor of 15 and p?
5
Let c(b) = 409*b**2 - 21*b + 12. Let g be c(3). Calculate the greatest common divisor of g and 44.
22
Let r(d) = 7 - 39*d + 36*d + 4*d**2 - 4. Suppose 7*s + 6*s + 39 = 0. Let a be r(s). Calculate the greatest common factor of a and 6.
6
Let v(r) = -77*r - 2841. Let h be v(-37). Let b(k) = -k**3 - 5*k**2 - 3*k + 1. Let d be b(-5). What is the highest common factor of h and d?
8
Let m(x) = 80*x + 3178. Let g be m(-37). What is the greatest common factor of g and 9701?
109
Let q be (29250/35 - 4/(-14) - 2) + 3. Calculate the highest common divisor of q and 186.
93
Suppose i + s = 0, 13*s + 12 = 5*i + 12*s. Calculate the greatest common factor of 2682 and i.
2
Suppose 34*l + 3*j + 527 = 39*l, 6 = j. What is the greatest common divisor of l and 3815?
109
Let z be 9082/(-4)*6/(-9) + (-575)/345. What is the highest common divisor of 81 and z?
27
Let b be (-1 + 0)*(-8 + -2 - -8). Let n be ((-2)/(-6))/(b/36). What is the highest common factor of n and 96?
6
Suppose 3*g + 21 = -f, g + 0*f + 2 = -2*f. Let r = g - -68. Suppose -5*t - 10 = 0, 2*a = -5*t + 175 - 5. Calculate the highest common factor of r and a.
30
Let o(v) = 5*v**3 + 3*v**2 - 29*v + 27. Let p be o(1). Calculate the greatest common divisor of 2616 and p.
6
Suppose 30590 = 18*i - 63*i + 102905. What is the highest common divisor of 3 and i?
1
Let b be (0/(-4))/(-6 - -2) - (-9125 - 0). Calculate the greatest common factor of 73 and b.
73
Su